{"id":492,"date":"2025-01-08T10:50:54","date_gmt":"2025-01-08T10:50:54","guid":{"rendered":"https:\/\/naisgarden.rs\/?post_type=product&#038;p=492"},"modified":"2025-01-08T10:50:54","modified_gmt":"2025-01-08T10:50:54","slug":"ligustrum-ovalifolium","status":"publish","type":"product","link":"https:\/\/naisgarden.rs\/index.php\/product\/ligustrum-ovalifolium\/","title":{"rendered":"Ligustrum ovalifolium"},"content":{"rendered":"<p>Ligustrum ovalifolium, poznat kao japanska kalina, je brzorastu\u0107i listopadni ili poluzimzeleni \u017ebun poreklom iz Japana i Koreje. Ova biljka ima ovalne, sjajne zelene listove koji \u010desto ostaju na biljci tokom zime u blagim klimatskim uslovima. Ligustrum ovalifolium je najpoznatiji po svojoj upotrebi u formiranju gustih  \u017eivih ograda, zahvaljuju\u0107i svojoj otpornosti i lako\u0107i oblikovanja. Tokom leta, biljka cveta sitnim, belim cvetovima koji privla\u010de p\u010dele i leptire, dok se u jesen stvaraju sitni crni plodovi koji su dekorativni, ali blago otrovni. Zahteva sun\u010dano do delimi\u010dno zasenjeno mesto i dobro drenirano zemlji\u0161te. Redovno orezivanje omogu\u0107ava odr\u017eavanje guste strukture i \u017eeljenog oblika. Idealan je izbor za vrtove, staze ili kao prirodna ograda za privatnost.<\/p>\n","protected":false},"excerpt":{"rendered":"<p>Ligustrum ovalifolium \u2013 savr\u0161ena biljka za guste i elegantne ograde koje traju tokom cele godine<\/p>\n","protected":false},"featured_media":493,"template":"","meta":[],"product_brand":[],"product_cat":[23,25],"product_tag":[134,73,85,133,75,136,135],"class_list":{"0":"post-492","1":"product","2":"type-product","3":"status-publish","4":"has-post-thumbnail","6":"product_cat-liscari","7":"product_cat-zbunje","8":"product_tag-biljke-za-gustu-zivu-ogradu","9":"product_tag-brzorastuce-biljke","10":"product_tag-dekorativno-zelenilo","11":"product_tag-ligustrum-ovalifolium","12":"product_tag-pejzazno-uredjenje","13":"product_tag-ukrasne-ograde-za-privatnost","14":"product_tag-zbunje-za-vrtove-i-staze","16":"first","17":"instock","18":"shipping-taxable","19":"purchasable","20":"product-type-simple"},"yoast_head":"<!-- This site is optimized with the Yoast SEO plugin v24.8.1 - https:\/\/yoast.com\/wordpress\/plugins\/seo\/ -->\n<title>Ligustrum ovalifolium - Nais Garden<\/title>\n<meta name=\"description\" content=\"Najpoznatiji je po svojoj upotrebi u formiranju gustih \u017eivih ograda, zahvaljuju\u0107i svojoj otpornosti i lako\u0107i oblikovanja.\" \/>\n<meta name=\"robots\" content=\"index, follow, max-snippet:-1, max-image-preview:large, max-video-preview:-1\" \/>\n<link rel=\"canonical\" href=\"https:\/\/naisgarden.rs\/index.php\/product\/ligustrum-ovalifolium\/\" \/>\n<meta property=\"og:locale\" content=\"sr_RS\" \/>\n<meta property=\"og:type\" content=\"article\" \/>\n<meta property=\"og:title\" content=\"Ligustrum ovalifolium - Nais Garden\" \/>\n<meta property=\"og:description\" content=\"Najpoznatiji je po svojoj upotrebi u formiranju gustih \u017eivih ograda, zahvaljuju\u0107i svojoj otpornosti i lako\u0107i oblikovanja.\" \/>\n<meta property=\"og:url\" content=\"https:\/\/naisgarden.rs\/index.php\/product\/ligustrum-ovalifolium\/\" \/>\n<meta property=\"og:site_name\" content=\"Nais Garden\" \/>\n<meta property=\"article:publisher\" content=\"https:\/\/www.facebook.com\/people\/Nais-Garden\/61564041879860\/\" \/>\n<meta property=\"og:image\" content=\"https:\/\/naisgarden.rs\/wp-content\/uploads\/2025\/01\/LIGUSTRUM-1-scaled.jpg\" \/>\n\t<meta property=\"og:image:width\" content=\"2560\" \/>\n\t<meta property=\"og:image:height\" content=\"2560\" \/>\n\t<meta property=\"og:image:type\" content=\"image\/jpeg\" \/>\n<meta name=\"twitter:card\" content=\"summary_large_image\" \/>\n<meta name=\"twitter:label1\" content=\"\u041f\u0440\u043e\u0446\u0435\u045a\u0435\u043d\u043e \u0432\u0440\u0435\u043c\u0435 \u0447\u0438\u0442\u0430\u045a\u0430\" \/>\n\t<meta name=\"twitter:data1\" content=\"1 \u043c\u0438\u043d\u0443\u0442\" \/>\n<script type=\"application\/ld+json\" class=\"yoast-schema-graph\">{\"@context\":\"https:\/\/schema.org\",\"@graph\":[{\"@type\":\"WebPage\",\"@id\":\"https:\/\/naisgarden.rs\/index.php\/product\/ligustrum-ovalifolium\/\",\"url\":\"https:\/\/naisgarden.rs\/index.php\/product\/ligustrum-ovalifolium\/\",\"name\":\"Ligustrum ovalifolium - Nais Garden\",\"isPartOf\":{\"@id\":\"https:\/\/naisgarden.rs\/#website\"},\"primaryImageOfPage\":{\"@id\":\"https:\/\/naisgarden.rs\/index.php\/product\/ligustrum-ovalifolium\/#primaryimage\"},\"image\":{\"@id\":\"https:\/\/naisgarden.rs\/index.php\/product\/ligustrum-ovalifolium\/#primaryimage\"},\"thumbnailUrl\":\"https:\/\/naisgarden.rs\/wp-content\/uploads\/2025\/01\/LIGUSTRUM-1-scaled.jpg\",\"datePublished\":\"2025-01-08T10:50:54+00:00\",\"description\":\"Najpoznatiji je po svojoj upotrebi u formiranju gustih \u017eivih ograda, zahvaljuju\u0107i svojoj otpornosti i lako\u0107i oblikovanja.\",\"breadcrumb\":{\"@id\":\"https:\/\/naisgarden.rs\/index.php\/product\/ligustrum-ovalifolium\/#breadcrumb\"},\"inLanguage\":\"sr-RS\",\"potentialAction\":[{\"@type\":\"ReadAction\",\"target\":[\"https:\/\/naisgarden.rs\/index.php\/product\/ligustrum-ovalifolium\/\"]}]},{\"@type\":\"ImageObject\",\"inLanguage\":\"sr-RS\",\"@id\":\"https:\/\/naisgarden.rs\/index.php\/product\/ligustrum-ovalifolium\/#primaryimage\",\"url\":\"https:\/\/naisgarden.rs\/wp-content\/uploads\/2025\/01\/LIGUSTRUM-1-scaled.jpg\",\"contentUrl\":\"https:\/\/naisgarden.rs\/wp-content\/uploads\/2025\/01\/LIGUSTRUM-1-scaled.jpg\",\"width\":2560,\"height\":2560,\"caption\":\"nais-garden-ligustrum-ovalifolium\"},{\"@type\":\"BreadcrumbList\",\"@id\":\"https:\/\/naisgarden.rs\/index.php\/product\/ligustrum-ovalifolium\/#breadcrumb\",\"itemListElement\":[{\"@type\":\"ListItem\",\"position\":1,\"name\":\"\u041f\u043e\u0447\u0435\u0442\u043d\u0430\",\"item\":\"https:\/\/naisgarden.rs\/\"},{\"@type\":\"ListItem\",\"position\":2,\"name\":\"Shop\",\"item\":\"https:\/\/naisgarden.rs\/index.php\/shop\/\"},{\"@type\":\"ListItem\",\"position\":3,\"name\":\"Ligustrum ovalifolium\"}]},{\"@type\":\"WebSite\",\"@id\":\"https:\/\/naisgarden.rs\/#website\",\"url\":\"https:\/\/naisgarden.rs\/\",\"name\":\"Nais Garden\",\"description\":\"\",\"publisher\":{\"@id\":\"https:\/\/naisgarden.rs\/#organization\"},\"potentialAction\":[{\"@type\":\"SearchAction\",\"target\":{\"@type\":\"EntryPoint\",\"urlTemplate\":\"https:\/\/naisgarden.rs\/?s={search_term_string}\"},\"query-input\":{\"@type\":\"PropertyValueSpecification\",\"valueRequired\":true,\"valueName\":\"search_term_string\"}}],\"inLanguage\":\"sr-RS\"},{\"@type\":\"Organization\",\"@id\":\"https:\/\/naisgarden.rs\/#organization\",\"name\":\"Nais Garden\",\"url\":\"https:\/\/naisgarden.rs\/\",\"logo\":{\"@type\":\"ImageObject\",\"inLanguage\":\"sr-RS\",\"@id\":\"https:\/\/naisgarden.rs\/#\/schema\/logo\/image\/\",\"url\":\"https:\/\/naisgarden.rs\/wp-content\/uploads\/2024\/12\/logo_text_nais_garden-removebg-preview.png\",\"contentUrl\":\"https:\/\/naisgarden.rs\/wp-content\/uploads\/2024\/12\/logo_text_nais_garden-removebg-preview.png\",\"width\":560,\"height\":446,\"caption\":\"Nais Garden\"},\"image\":{\"@id\":\"https:\/\/naisgarden.rs\/#\/schema\/logo\/image\/\"},\"sameAs\":[\"https:\/\/www.facebook.com\/people\/Nais-Garden\/61564041879860\/\",\"https:\/\/www.instagram.com\/naisgarden.rs\/\"]}]}<\/script>\n<!-- \/ Yoast SEO plugin. -->","yoast_head_json":{"title":"Ligustrum ovalifolium - Nais Garden","description":"Najpoznatiji je po svojoj upotrebi u formiranju gustih \u017eivih ograda, zahvaljuju\u0107i svojoj otpornosti i lako\u0107i oblikovanja.","robots":{"index":"index","follow":"follow","max-snippet":"max-snippet:-1","max-image-preview":"max-image-preview:large","max-video-preview":"max-video-preview:-1"},"canonical":"https:\/\/naisgarden.rs\/index.php\/product\/ligustrum-ovalifolium\/","og_locale":"sr_RS","og_type":"article","og_title":"Ligustrum ovalifolium - Nais Garden","og_description":"Najpoznatiji je po svojoj upotrebi u formiranju gustih \u017eivih ograda, zahvaljuju\u0107i svojoj otpornosti i lako\u0107i oblikovanja.","og_url":"https:\/\/naisgarden.rs\/index.php\/product\/ligustrum-ovalifolium\/","og_site_name":"Nais Garden","article_publisher":"https:\/\/www.facebook.com\/people\/Nais-Garden\/61564041879860\/","og_image":[{"width":2560,"height":2560,"url":"https:\/\/naisgarden.rs\/wp-content\/uploads\/2025\/01\/LIGUSTRUM-1-scaled.jpg","type":"image\/jpeg"}],"twitter_card":"summary_large_image","twitter_misc":{"\u041f\u0440\u043e\u0446\u0435\u045a\u0435\u043d\u043e \u0432\u0440\u0435\u043c\u0435 \u0447\u0438\u0442\u0430\u045a\u0430":"1 \u043c\u0438\u043d\u0443\u0442"},"schema":{"@context":"https:\/\/schema.org","@graph":[{"@type":"WebPage","@id":"https:\/\/naisgarden.rs\/index.php\/product\/ligustrum-ovalifolium\/","url":"https:\/\/naisgarden.rs\/index.php\/product\/ligustrum-ovalifolium\/","name":"Ligustrum ovalifolium - Nais Garden","isPartOf":{"@id":"https:\/\/naisgarden.rs\/#website"},"primaryImageOfPage":{"@id":"https:\/\/naisgarden.rs\/index.php\/product\/ligustrum-ovalifolium\/#primaryimage"},"image":{"@id":"https:\/\/naisgarden.rs\/index.php\/product\/ligustrum-ovalifolium\/#primaryimage"},"thumbnailUrl":"https:\/\/naisgarden.rs\/wp-content\/uploads\/2025\/01\/LIGUSTRUM-1-scaled.jpg","datePublished":"2025-01-08T10:50:54+00:00","description":"Najpoznatiji je po svojoj upotrebi u formiranju gustih \u017eivih ograda, zahvaljuju\u0107i svojoj otpornosti i lako\u0107i oblikovanja.","breadcrumb":{"@id":"https:\/\/naisgarden.rs\/index.php\/product\/ligustrum-ovalifolium\/#breadcrumb"},"inLanguage":"sr-RS","potentialAction":[{"@type":"ReadAction","target":["https:\/\/naisgarden.rs\/index.php\/product\/ligustrum-ovalifolium\/"]}]},{"@type":"ImageObject","inLanguage":"sr-RS","@id":"https:\/\/naisgarden.rs\/index.php\/product\/ligustrum-ovalifolium\/#primaryimage","url":"https:\/\/naisgarden.rs\/wp-content\/uploads\/2025\/01\/LIGUSTRUM-1-scaled.jpg","contentUrl":"https:\/\/naisgarden.rs\/wp-content\/uploads\/2025\/01\/LIGUSTRUM-1-scaled.jpg","width":2560,"height":2560,"caption":"nais-garden-ligustrum-ovalifolium"},{"@type":"BreadcrumbList","@id":"https:\/\/naisgarden.rs\/index.php\/product\/ligustrum-ovalifolium\/#breadcrumb","itemListElement":[{"@type":"ListItem","position":1,"name":"\u041f\u043e\u0447\u0435\u0442\u043d\u0430","item":"https:\/\/naisgarden.rs\/"},{"@type":"ListItem","position":2,"name":"Shop","item":"https:\/\/naisgarden.rs\/index.php\/shop\/"},{"@type":"ListItem","position":3,"name":"Ligustrum ovalifolium"}]},{"@type":"WebSite","@id":"https:\/\/naisgarden.rs\/#website","url":"https:\/\/naisgarden.rs\/","name":"Nais Garden","description":"","publisher":{"@id":"https:\/\/naisgarden.rs\/#organization"},"potentialAction":[{"@type":"SearchAction","target":{"@type":"EntryPoint","urlTemplate":"https:\/\/naisgarden.rs\/?s={search_term_string}"},"query-input":{"@type":"PropertyValueSpecification","valueRequired":true,"valueName":"search_term_string"}}],"inLanguage":"sr-RS"},{"@type":"Organization","@id":"https:\/\/naisgarden.rs\/#organization","name":"Nais Garden","url":"https:\/\/naisgarden.rs\/","logo":{"@type":"ImageObject","inLanguage":"sr-RS","@id":"https:\/\/naisgarden.rs\/#\/schema\/logo\/image\/","url":"https:\/\/naisgarden.rs\/wp-content\/uploads\/2024\/12\/logo_text_nais_garden-removebg-preview.png","contentUrl":"https:\/\/naisgarden.rs\/wp-content\/uploads\/2024\/12\/logo_text_nais_garden-removebg-preview.png","width":560,"height":446,"caption":"Nais Garden"},"image":{"@id":"https:\/\/naisgarden.rs\/#\/schema\/logo\/image\/"},"sameAs":["https:\/\/www.facebook.com\/people\/Nais-Garden\/61564041879860\/","https:\/\/www.instagram.com\/naisgarden.rs\/"]}]}},"_links":{"self":[{"href":"https:\/\/naisgarden.rs\/index.php\/wp-json\/wp\/v2\/product\/492","targetHints":{"allow":["GET"]}}],"collection":[{"href":"https:\/\/naisgarden.rs\/index.php\/wp-json\/wp\/v2\/product"}],"about":[{"href":"https:\/\/naisgarden.rs\/index.php\/wp-json\/wp\/v2\/types\/product"}],"wp:featuredmedia":[{"embeddable":true,"href":"https:\/\/naisgarden.rs\/index.php\/wp-json\/wp\/v2\/media\/493"}],"wp:attachment":[{"href":"https:\/\/naisgarden.rs\/index.php\/wp-json\/wp\/v2\/media?parent=492"}],"wp:term":[{"taxonomy":"product_brand","embeddable":true,"href":"https:\/\/naisgarden.rs\/index.php\/wp-json\/wp\/v2\/product_brand?post=492"},{"taxonomy":"product_cat","embeddable":true,"href":"https:\/\/naisgarden.rs\/index.php\/wp-json\/wp\/v2\/product_cat?post=492"},{"taxonomy":"product_tag","embeddable":true,"href":"https:\/\/naisgarden.rs\/index.php\/wp-json\/wp\/v2\/product_tag?post=492"}],"curies":[{"name":"wp","href":"https:\/\/api.w.org\/{rel}","templated":true}]}}