{"id":362,"date":"2024-12-21T15:09:59","date_gmt":"2024-12-21T15:09:59","guid":{"rendered":"https:\/\/sofabatons.com\/wordpress\/?post_type=product&#038;p=362"},"modified":"2024-12-22T09:30:09","modified_gmt":"2024-12-22T09:30:09","slug":"juniperus-chinensis-stricta","status":"publish","type":"product","link":"https:\/\/naisgarden.rs\/index.php\/product\/juniperus-chinensis-stricta\/","title":{"rendered":"Juniperus chinensis &#8216;Stricta&#8217;"},"content":{"rendered":"<p>Juniperus chinensis &#8216;Stricta&#8217; poreklom je iz Azije, posebno Kine i Japana. Ovo je zimzeleni \u010detinar sa uskom kro\u0161njom, gustim, piramidalnim oblikom, idealan za manje vrtove, formalne sadnje ili kao soliter. Njegove iglice su sitne, \u010dvrste i plavo-zelene boje, zadr\u017eavaju\u0107i atraktivan izgled tokom cele godine. Ova biljka preferira sun\u010dane polo\u017eaje i dobro drenirano zemlji\u0161te, a otporna je na su\u0161u, vetar i zaga\u0111enje, \u0161to je \u010dini odli\u010dnim izborom za urbane sredine. Juniperus &#8216;Stricta&#8217; raste sporo i dosti\u017ee visinu od 2-3 metra, uz \u0161irinu od oko 1 metra, \u0161to ga \u010dini pogodnim za formiranje \u017eivih ograda, granica ili kao akcentna biljke. Lako se odr\u017eava i nije zahtevna, idealna za pejza\u017ene projekte niskog odr\u017eavanja.<\/p>\n","protected":false},"excerpt":{"rendered":"<p><strong>Juniperus chinensis &#8216;Stricta&#8217;<\/strong> \u2013 elegantan, uspravni \u010dempres s gustim plavi\u010dasto-zelenim iglicama, idealan za \u017eivice, kao soliterni detalj ili za dodavanje visine i strukture vrtu.<\/p>\n","protected":false},"featured_media":363,"template":"","meta":[],"product_brand":[],"product_cat":[20,21],"product_tag":[93,85,96,94,92,91,80],"class_list":{"0":"post-362","1":"product","2":"type-product","3":"status-publish","4":"has-post-thumbnail","6":"product_cat-cetinari","7":"product_cat-visoki-cetinari","8":"product_tag-biljke-za-ograde","9":"product_tag-dekorativno-zelenilo","10":"product_tag-otporne-biljke","11":"product_tag-pajzazno-uredjenje","12":"product_tag-uspravne-biljke","13":"product_tag-visoki-cetinari","14":"product_tag-zimzelene-biljke","16":"first","17":"instock","18":"shipping-taxable","19":"purchasable","20":"product-type-simple"},"yoast_head":"<!-- This site is optimized with the Yoast SEO plugin v24.8.1 - https:\/\/yoast.com\/wordpress\/plugins\/seo\/ -->\n<title>Juniperus chinensis &#039;Stricta&#039; - Nais Garden<\/title>\n<meta name=\"robots\" content=\"index, follow, max-snippet:-1, max-image-preview:large, max-video-preview:-1\" \/>\n<link rel=\"canonical\" href=\"https:\/\/naisgarden.rs\/index.php\/product\/juniperus-chinensis-stricta\/\" \/>\n<meta property=\"og:locale\" content=\"sr_RS\" \/>\n<meta property=\"og:type\" content=\"article\" \/>\n<meta property=\"og:title\" content=\"Juniperus chinensis &#039;Stricta&#039; - Nais Garden\" \/>\n<meta property=\"og:description\" content=\"Juniperus chinensis &#039;Stricta&#039; \u2013 elegantan, uspravni \u010dempres s gustim plavi\u010dasto-zelenim iglicama, idealan za \u017eivice, kao soliterni detalj ili za dodavanje visine i strukture vrtu.\" \/>\n<meta property=\"og:url\" content=\"https:\/\/naisgarden.rs\/index.php\/product\/juniperus-chinensis-stricta\/\" \/>\n<meta property=\"og:site_name\" content=\"Nais Garden\" \/>\n<meta property=\"article:publisher\" content=\"https:\/\/www.facebook.com\/people\/Nais-Garden\/61564041879860\/\" \/>\n<meta property=\"article:modified_time\" content=\"2024-12-22T09:30:09+00:00\" \/>\n<meta property=\"og:image\" content=\"https:\/\/naisgarden.rs\/wp-content\/uploads\/2024\/12\/JUNI1-scaled.jpg\" \/>\n\t<meta property=\"og:image:width\" content=\"2560\" \/>\n\t<meta property=\"og:image:height\" content=\"2560\" \/>\n\t<meta property=\"og:image:type\" content=\"image\/jpeg\" \/>\n<meta name=\"twitter:card\" content=\"summary_large_image\" \/>\n<meta name=\"twitter:label1\" content=\"\u041f\u0440\u043e\u0446\u0435\u045a\u0435\u043d\u043e \u0432\u0440\u0435\u043c\u0435 \u0447\u0438\u0442\u0430\u045a\u0430\" \/>\n\t<meta name=\"twitter:data1\" content=\"1 \u043c\u0438\u043d\u0443\u0442\" \/>\n<script type=\"application\/ld+json\" class=\"yoast-schema-graph\">{\"@context\":\"https:\/\/schema.org\",\"@graph\":[{\"@type\":\"WebPage\",\"@id\":\"https:\/\/naisgarden.rs\/index.php\/product\/juniperus-chinensis-stricta\/\",\"url\":\"https:\/\/naisgarden.rs\/index.php\/product\/juniperus-chinensis-stricta\/\",\"name\":\"Juniperus chinensis 'Stricta' - Nais Garden\",\"isPartOf\":{\"@id\":\"https:\/\/naisgarden.rs\/#website\"},\"primaryImageOfPage\":{\"@id\":\"https:\/\/naisgarden.rs\/index.php\/product\/juniperus-chinensis-stricta\/#primaryimage\"},\"image\":{\"@id\":\"https:\/\/naisgarden.rs\/index.php\/product\/juniperus-chinensis-stricta\/#primaryimage\"},\"thumbnailUrl\":\"https:\/\/naisgarden.rs\/wp-content\/uploads\/2024\/12\/JUNI1-scaled.jpg\",\"datePublished\":\"2024-12-21T15:09:59+00:00\",\"dateModified\":\"2024-12-22T09:30:09+00:00\",\"breadcrumb\":{\"@id\":\"https:\/\/naisgarden.rs\/index.php\/product\/juniperus-chinensis-stricta\/#breadcrumb\"},\"inLanguage\":\"sr-RS\",\"potentialAction\":[{\"@type\":\"ReadAction\",\"target\":[\"https:\/\/naisgarden.rs\/index.php\/product\/juniperus-chinensis-stricta\/\"]}]},{\"@type\":\"ImageObject\",\"inLanguage\":\"sr-RS\",\"@id\":\"https:\/\/naisgarden.rs\/index.php\/product\/juniperus-chinensis-stricta\/#primaryimage\",\"url\":\"https:\/\/naisgarden.rs\/wp-content\/uploads\/2024\/12\/JUNI1-scaled.jpg\",\"contentUrl\":\"https:\/\/naisgarden.rs\/wp-content\/uploads\/2024\/12\/JUNI1-scaled.jpg\",\"width\":2560,\"height\":2560,\"caption\":\"nais-garden-juniperus-chinensis-stricta\"},{\"@type\":\"BreadcrumbList\",\"@id\":\"https:\/\/naisgarden.rs\/index.php\/product\/juniperus-chinensis-stricta\/#breadcrumb\",\"itemListElement\":[{\"@type\":\"ListItem\",\"position\":1,\"name\":\"\u041f\u043e\u0447\u0435\u0442\u043d\u0430\",\"item\":\"https:\/\/naisgarden.rs\/\"},{\"@type\":\"ListItem\",\"position\":2,\"name\":\"Shop\",\"item\":\"https:\/\/naisgarden.rs\/index.php\/shop\/\"},{\"@type\":\"ListItem\",\"position\":3,\"name\":\"Juniperus chinensis &#8216;Stricta&#8217;\"}]},{\"@type\":\"WebSite\",\"@id\":\"https:\/\/naisgarden.rs\/#website\",\"url\":\"https:\/\/naisgarden.rs\/\",\"name\":\"Nais Garden\",\"description\":\"\",\"publisher\":{\"@id\":\"https:\/\/naisgarden.rs\/#organization\"},\"potentialAction\":[{\"@type\":\"SearchAction\",\"target\":{\"@type\":\"EntryPoint\",\"urlTemplate\":\"https:\/\/naisgarden.rs\/?s={search_term_string}\"},\"query-input\":{\"@type\":\"PropertyValueSpecification\",\"valueRequired\":true,\"valueName\":\"search_term_string\"}}],\"inLanguage\":\"sr-RS\"},{\"@type\":\"Organization\",\"@id\":\"https:\/\/naisgarden.rs\/#organization\",\"name\":\"Nais Garden\",\"url\":\"https:\/\/naisgarden.rs\/\",\"logo\":{\"@type\":\"ImageObject\",\"inLanguage\":\"sr-RS\",\"@id\":\"https:\/\/naisgarden.rs\/#\/schema\/logo\/image\/\",\"url\":\"https:\/\/naisgarden.rs\/wp-content\/uploads\/2024\/12\/logo_text_nais_garden-removebg-preview.png\",\"contentUrl\":\"https:\/\/naisgarden.rs\/wp-content\/uploads\/2024\/12\/logo_text_nais_garden-removebg-preview.png\",\"width\":560,\"height\":446,\"caption\":\"Nais Garden\"},\"image\":{\"@id\":\"https:\/\/naisgarden.rs\/#\/schema\/logo\/image\/\"},\"sameAs\":[\"https:\/\/www.facebook.com\/people\/Nais-Garden\/61564041879860\/\",\"https:\/\/www.instagram.com\/naisgarden.rs\/\"]}]}<\/script>\n<!-- \/ Yoast SEO plugin. -->","yoast_head_json":{"title":"Juniperus chinensis 'Stricta' - Nais Garden","robots":{"index":"index","follow":"follow","max-snippet":"max-snippet:-1","max-image-preview":"max-image-preview:large","max-video-preview":"max-video-preview:-1"},"canonical":"https:\/\/naisgarden.rs\/index.php\/product\/juniperus-chinensis-stricta\/","og_locale":"sr_RS","og_type":"article","og_title":"Juniperus chinensis 'Stricta' - Nais Garden","og_description":"Juniperus chinensis 'Stricta' \u2013 elegantan, uspravni \u010dempres s gustim plavi\u010dasto-zelenim iglicama, idealan za \u017eivice, kao soliterni detalj ili za dodavanje visine i strukture vrtu.","og_url":"https:\/\/naisgarden.rs\/index.php\/product\/juniperus-chinensis-stricta\/","og_site_name":"Nais Garden","article_publisher":"https:\/\/www.facebook.com\/people\/Nais-Garden\/61564041879860\/","article_modified_time":"2024-12-22T09:30:09+00:00","og_image":[{"width":2560,"height":2560,"url":"https:\/\/naisgarden.rs\/wp-content\/uploads\/2024\/12\/JUNI1-scaled.jpg","type":"image\/jpeg"}],"twitter_card":"summary_large_image","twitter_misc":{"\u041f\u0440\u043e\u0446\u0435\u045a\u0435\u043d\u043e \u0432\u0440\u0435\u043c\u0435 \u0447\u0438\u0442\u0430\u045a\u0430":"1 \u043c\u0438\u043d\u0443\u0442"},"schema":{"@context":"https:\/\/schema.org","@graph":[{"@type":"WebPage","@id":"https:\/\/naisgarden.rs\/index.php\/product\/juniperus-chinensis-stricta\/","url":"https:\/\/naisgarden.rs\/index.php\/product\/juniperus-chinensis-stricta\/","name":"Juniperus chinensis 'Stricta' - Nais Garden","isPartOf":{"@id":"https:\/\/naisgarden.rs\/#website"},"primaryImageOfPage":{"@id":"https:\/\/naisgarden.rs\/index.php\/product\/juniperus-chinensis-stricta\/#primaryimage"},"image":{"@id":"https:\/\/naisgarden.rs\/index.php\/product\/juniperus-chinensis-stricta\/#primaryimage"},"thumbnailUrl":"https:\/\/naisgarden.rs\/wp-content\/uploads\/2024\/12\/JUNI1-scaled.jpg","datePublished":"2024-12-21T15:09:59+00:00","dateModified":"2024-12-22T09:30:09+00:00","breadcrumb":{"@id":"https:\/\/naisgarden.rs\/index.php\/product\/juniperus-chinensis-stricta\/#breadcrumb"},"inLanguage":"sr-RS","potentialAction":[{"@type":"ReadAction","target":["https:\/\/naisgarden.rs\/index.php\/product\/juniperus-chinensis-stricta\/"]}]},{"@type":"ImageObject","inLanguage":"sr-RS","@id":"https:\/\/naisgarden.rs\/index.php\/product\/juniperus-chinensis-stricta\/#primaryimage","url":"https:\/\/naisgarden.rs\/wp-content\/uploads\/2024\/12\/JUNI1-scaled.jpg","contentUrl":"https:\/\/naisgarden.rs\/wp-content\/uploads\/2024\/12\/JUNI1-scaled.jpg","width":2560,"height":2560,"caption":"nais-garden-juniperus-chinensis-stricta"},{"@type":"BreadcrumbList","@id":"https:\/\/naisgarden.rs\/index.php\/product\/juniperus-chinensis-stricta\/#breadcrumb","itemListElement":[{"@type":"ListItem","position":1,"name":"\u041f\u043e\u0447\u0435\u0442\u043d\u0430","item":"https:\/\/naisgarden.rs\/"},{"@type":"ListItem","position":2,"name":"Shop","item":"https:\/\/naisgarden.rs\/index.php\/shop\/"},{"@type":"ListItem","position":3,"name":"Juniperus chinensis &#8216;Stricta&#8217;"}]},{"@type":"WebSite","@id":"https:\/\/naisgarden.rs\/#website","url":"https:\/\/naisgarden.rs\/","name":"Nais Garden","description":"","publisher":{"@id":"https:\/\/naisgarden.rs\/#organization"},"potentialAction":[{"@type":"SearchAction","target":{"@type":"EntryPoint","urlTemplate":"https:\/\/naisgarden.rs\/?s={search_term_string}"},"query-input":{"@type":"PropertyValueSpecification","valueRequired":true,"valueName":"search_term_string"}}],"inLanguage":"sr-RS"},{"@type":"Organization","@id":"https:\/\/naisgarden.rs\/#organization","name":"Nais Garden","url":"https:\/\/naisgarden.rs\/","logo":{"@type":"ImageObject","inLanguage":"sr-RS","@id":"https:\/\/naisgarden.rs\/#\/schema\/logo\/image\/","url":"https:\/\/naisgarden.rs\/wp-content\/uploads\/2024\/12\/logo_text_nais_garden-removebg-preview.png","contentUrl":"https:\/\/naisgarden.rs\/wp-content\/uploads\/2024\/12\/logo_text_nais_garden-removebg-preview.png","width":560,"height":446,"caption":"Nais Garden"},"image":{"@id":"https:\/\/naisgarden.rs\/#\/schema\/logo\/image\/"},"sameAs":["https:\/\/www.facebook.com\/people\/Nais-Garden\/61564041879860\/","https:\/\/www.instagram.com\/naisgarden.rs\/"]}]}},"_links":{"self":[{"href":"https:\/\/naisgarden.rs\/index.php\/wp-json\/wp\/v2\/product\/362","targetHints":{"allow":["GET"]}}],"collection":[{"href":"https:\/\/naisgarden.rs\/index.php\/wp-json\/wp\/v2\/product"}],"about":[{"href":"https:\/\/naisgarden.rs\/index.php\/wp-json\/wp\/v2\/types\/product"}],"wp:featuredmedia":[{"embeddable":true,"href":"https:\/\/naisgarden.rs\/index.php\/wp-json\/wp\/v2\/media\/363"}],"wp:attachment":[{"href":"https:\/\/naisgarden.rs\/index.php\/wp-json\/wp\/v2\/media?parent=362"}],"wp:term":[{"taxonomy":"product_brand","embeddable":true,"href":"https:\/\/naisgarden.rs\/index.php\/wp-json\/wp\/v2\/product_brand?post=362"},{"taxonomy":"product_cat","embeddable":true,"href":"https:\/\/naisgarden.rs\/index.php\/wp-json\/wp\/v2\/product_cat?post=362"},{"taxonomy":"product_tag","embeddable":true,"href":"https:\/\/naisgarden.rs\/index.php\/wp-json\/wp\/v2\/product_tag?post=362"}],"curies":[{"name":"wp","href":"https:\/\/api.w.org\/{rel}","templated":true}]}}